me factors of b?
19, 29
Let f(y) = -2722*y + 64. List the prime factors of f(-1).
2, 7, 199
Let r be (-1 - (-15)/9)/((-3)/(-864)). Suppose r = a - 106. What are the prime factors of a?
2, 149
Let v = 8 - -2. Let d = 14 - v. What are the prime factors of d?
2
Suppose -8 = 5*z + 37. List the prime factors of 3 + 0 + (-3)/(z/276).
5, 19
Suppose -4*m + 5*m + 383 = 0. Let u = 619 + m. List the prime factors of u.
2, 59
List the prime factors of (-35)/(((-4)/(-154))/(-2)).
5, 7, 11
Suppose -2*f + m + 1144 = 0, -3*f = -15*m + 11*m - 1716. List the prime factors of f.
2, 11, 13
List the prime factors of (-5)/((2 + -4)*(-1)/(-14)).
5, 7
Let p(z) = -z**2 + 19*z - 25. Let n = -27 + 39. List the prime factors of p(n).
59
Let g = 10 - 8. Let f(x) = -x - 2 - 4 - g*x + x**2 - 11. List the prime factors of f(9).
37
Suppose -3*v + 4787 = 7*s - 5*s, 0 = -5*s - 5*v + 11965. What are the prime factors of s?
2, 13, 23
Let g = 33 + -26. Suppose 5*x + 5*z - 215 = 0, 3*x + g*z - 119 = 2*z. Suppose -2*q + 2*u + 38 = 0, 23 = 5*q + 3*u - x. List the prime factors of q.
2
Let v = 1551 + -1068. What are the prime factors of v?
3, 7, 23
Let b(z) be the third derivative of z**5/60 + z**4/12 - 7*z**3/3 - 6*z**2. Let y be b(-10). Suppose -y = 2*a - 5*a. List the prime factors of a.
2, 11
Suppose 2*x = 2*m - 1068, -m = 5*x - 144 - 408. Suppose -3*i + m = 3*c, -5*c - 423 + 1288 = -i. What are the prime factors of c?
2, 3, 29
List the prime factors of 34/(-8)*(-8 + (-1680)/12).
17, 37
Let q = 2 + -5. Let y = 5 + q. List the prime factors of 1 - -1 - (-26 + y).
2, 13
Let d = 139 + 413. What are the prime factors of d?
2, 3, 23
Let t = 17 + -37. Let b be 719/4 + (-5)/t. Suppose -4*o + b = v, -v = 2*o - 5*v - 72. List the prime factors of o.
2, 11
Let a(q) = -q + 10. Let b be (2/(-6))/(1/(-21)). Let d be a(b). What are the prime factors of 2*((-9)/(-2) + d)?
3, 5
Suppose -717 = -2*q - 5*z, 4*q + 354 = 5*q + z. List the prime factors of q.
3, 13
List the prime factors of 328 - (6/(-3) - 0 - 2).
2, 83
Let x(s) = 3*s**3 - 6*s**2 + 31*s - 9. List the prime factors of x(5).
7, 53
Suppose -2*r + 336 = -4*m, -r + 2*r - 175 = -5*m. What are the prime factors of r?
2, 5, 17
Let h = 24 - 14. Let x = -125 + 127. Let m = x + h. List the prime factors of m.
2, 3
Let t = 3 - 0. Suppose -4*j + 41 = 3*z, j - 29 = -t*z + 15. List the prime factors of z.
3, 5
List the prime factors of (-16)/(-56) - (0 - 999/7).
11, 13
Suppose 0 = 52*s - 50*s - 688. List the prime factors of s.
2, 43
Suppose -5*w - 17 = -x + 7, -4*x = 2*w - 8. What are the prime factors of (30/2)/(116/(-32) + x)?
2, 5
Let o = 8 - 16. Let a = 69 + o. List the prime factors of a.
61
Suppose -5*s - 103 = -13. Let j = -2 - s. List the prime factors of (-4 + j - 1) + 1.
2, 3
Let i(q) = -2*q**2 - 15*q - 14. Let a be i(-6). Let v be (-56)/(-12) + (-4)/6. Suppose -6*r + a = -v*r. List the prime factors of r.
2
Suppose -4*f = 3*i - 18916, f - 5*i - 2374 = 2378. What are the prime factors of f?
2, 7, 13
Let c = -15 + 60. Let j = c - 26. Suppose -j - 1 = -r. What are the prime factors of r?
2, 5
Let k(a) be the second derivative of 17*a**3/3 + 7*a**2/2 - 21*a. List the prime factors of k(2).
3, 5
Suppose -4*f + 3*t + 12 = 0, -2*f - 2*t = -3*f + 3. Let b be -6 + f - (-5)/1. What are the prime factors of 6 + (-1 - b) - -1?
2
Suppose -76 = -3*z + 5*t, z + 0*t + 3*t = 44. Let q = z + -15. What are the prime factors of q?
17
Let k(q) = 2*q + 20. Let r be k(8). Suppose n - z = 34, n - r = -z - 12. What are the prime factors of n?
29
Suppose -9*p - 640 = -6850. List the prime factors of p.
2, 3, 5, 23
Suppose 8*u + 677 = 2997. List the prime factors of u.
2, 5, 29
Let r be (-40)/(-12) + (-3)/9. Let q(w) = -24 - 2*w - 22*w**3 - r*w**3 - w**2 + 23. List the prime factors of q(-1).
5
Let q(z) = 2*z**3 - 13*z**2 - z + 11. Let n be q(9). Let d = n - 226. List the prime factors of d.
181
Suppose -k + 2 - 6 = -m, 4*k = -2*m - 4. Let l be 6/(-27) + (-4)/(-18). List the prime factors of m + -1 - l - -18.
19
Let c(j) be the second derivative of -j**5/20 - j**4/12 + j**3/6 + 7*j**2/2 + 38*j. List the prime factors of c(0).
7
Let g(i) = -281*i + 346. List the prime factors of g(-10).
2, 3, 263
Let f(n) = 180*n - 3. List the prime factors of f(1).
3, 59
Let y(m) = m**3 - 4*m**2 - 8*m + 6. Let k be y(5). Let l be (k/(-15))/((-3)/15). What are the prime factors of 41 + (0 + l - 0)?
2, 19
Let p = 6 - 9. Let h be (3/1)/p + 2. List the prime factors of (0 - h)/(13/(-117)).
3
Let l = 167 + -119. Suppose -c + 5*c - l = 0. What are the prime factors of 3/(-2)*(-352)/c?
2, 11
Let n be (-162)/(-1) + -2 + 0. Let v = n - 88. Suppose -3*t + 7*t + v = 3*s, s - 4*t = 24. List the prime factors of s.
2, 3
Suppose -5 = a - 3. Let g(b) = 5*b**2 + 2*b + 3. What are the prime factors of g(a)?
19
Let h(v) = v**2 - 8*v. Let d be h(8). Suppose -3*m + i - 4*i = 231, d = -4*m + i - 333. List the prime factors of (-9)/18 - m/4.
2, 5
Let j be (19 + -16)/(3/4). Suppose 27 = -j*d - 29. Let v = d - -54. List the prime factors of v.
2, 5
Suppose 3*p - 5*k + 10 = 0, k + 0 = -4*p + 2. Suppose -3*z = q - 158, -4*z + 232 = -p*z - 4*q. List the prime factors of z.
2, 3
List the prime factors of (1014/65 + -15)/((-1)/(-730)).
2, 3, 73
Suppose d + 34 = 2*p + 10, 0 = 5*d. Suppose 4 = 4*u - p. Suppose u*j = -k + 13, 0 = k - 4*j + 3*j - 28. What are the prime factors of k?
5
Let x = 35 - 23. Suppose 0 = -9*k + x*k - 309. List the prime factors of k.
103
Let d(b) = -7*b - 10. Let n be d(-4). Let p = -81 - -126. Let q = p - n. What are the prime factors of q?
3
Let l(q) = 29*q**2 + 7*q + 5. What are the prime factors of l(-4)?
3, 7
Let t = -410 - -580. What are the prime factors of t?
2, 5, 17
Let i(o) = o**3 - 9*o**2 + 4*o + 25. List the prime factors of i(12).
5, 101
Let b = -209 - -146. Let a = b - -65. What are the prime factors of a?
2
Let i(b) = -b + 1. Let r be i(-2). Suppose m = r*m - 84. Suppose -j + 3*j - m = 0. What are the prime factors of j?
3, 7
What are the prime factors of ((-3298)/1)/(170/(-85))?
17, 97
Suppose 3*n = b + 51, 2*b + 147 - 37 = 4*n. What are the prime factors of (-27)/b + 1646/14?
2, 59
Let l(f) = f**3 + 2. Let v be l(2). What are the prime factors of (-4212)/(-30) + 6/v?
3, 47
Let j(r) = -r**2 - 9*r - 6. Let q be j(-8). Suppose 4*z + 4*c = 72, -c = -q*z - 0*z + 33. List the prime factors of z.
17
Let i(p) = -2*p**3 + 2*p**2 - 2*p - 1. Let s be i(2). Let d = s + 8. List the prime factors of 1/1 + (d - -29).
5
Let d(w) be the third derivative of w**5/15 + 5*w**4/24 - 11*w**3/3 + 17*w**2. What are the prime factors of d(-6)?
2, 23
Let d(o) = 2*o**3 - o**2 - 2*o - 6. Let n(q) = -q**2 + 6*q. Let f be n(5). What are the prime factors of d(f)?
11, 19
Let q(c) = 3*c**2 - 5*c**2 + 3*c**2 + 10 - 8*c. Let i be q(7). Suppose -3*p + 74 - 11 = i*g, g + 57 = 2*p. What are the prime factors of p?
2, 13
Let z = 419 + -455. Let d be 1*-1 - 62 - 1. Let k = z - d. What are the prime factors of k?
2, 7
Let v(s) = -3*s - 9. Let c(z) = z. Let j(p) = 4*c(p) + v(p). Let q be j(15). Let b(y) = 3*y**2 - 6*y - 12. List the prime factors of b(q).
2, 3, 5
Let z(s) = -5*s - 1. Suppose 0 = -0*r + 2*r. Suppose -5*c - 5 = -5*d, 0 = -r*c + c - 4*d + 1. List the prime factors of z(c).
2
Let z(n) = 33*n - 36. What are the prime factors of z(9)?
3, 29
Let h(x) = x**3 - 10*x**2 + x - 10. Let y(t) = 2*t - 2. Let u be y(6). Let a be h(u). Suppose a*o = -5*o + 290. What are the prime factors of o?
2, 29
Suppose -886 = -131*v + 129*v. What are the prime factors of v?
443
Let v(b) = -b**2 + 14*b - 12. Let c be ((-3)/(-4))/((-1)/(-12)). What are the prime factors of v(c)?
3, 11
List the prime factors of (1147/(-93))/((-2)/18 - 0).
3, 37
Let p = -17 + 24. Suppose -p = -b - 1. Suppose -10*s = -b*s - 136. List the prime factors of s.
2, 17
Suppose -221 - 19 = -2*p. Suppose -130 = -5*k + r, -k = 3*k - 4*r - p. What are the prime factors of k?
5
Let n = 67 - 125. Let q = n + 62. What are the prime factors of q?
2
Let z(d) = -7*d**2 - 10*d - 13. Let g(b) = b**2 - b. Let f(m) = 6*g(m) + z(m). Let p be f(-15). List the prime factors of (-1)/((-2 - p)/228).
3, 19
Suppose -967 = 14*n - 5741. What are the prime factors of n?
11, 31
Let n = 253 - 372. Let o = n + 200. List the prime factors of o.
3
Suppose -4*a + 8 = -i, 2*i 